pose -5*f - 15 = 0, -2*f + 93 = 2*s - 5*f. Let u = s - -692. Is u a composite number?
True
Let y(g) = 2893*g - 1394. Is y(13) a prime number?
False
Let q(z) = 5*z + 4. Let u be q(1). Suppose -2*p - u = -13. Suppose -p*l + 498 = -o, 2*l - 5*o - 486 = -o. Is l a prime number?
True
Let i(g) = 4748*g**2 - 6*g - 8. Let a be i(-2). Let k = a + -7195. Is k prime?
True
Is (-12)/(-72)*-33*-1234 prime?
False
Let h = 211314 + -128773. Is h composite?
True
Let a(s) = 541*s**2 - 14*s - 118. Let x = 424 - 431. Is a(x) a prime number?
True
Let n = 1294 - -3563. Is (2/6)/(9715/n + -2) prime?
True
Let g(j) = 461*j**2 - 15*j + 179. Let z(p) = -2*p**2 - 69*p + 117. Let b be z(-36). Is g(b) a prime number?
False
Suppose 4*y + 3 = -5, 3*y - 118 = -2*v. Suppose -g + 15 = -t, 6*g - 2*g - 2*t = v. Suppose 4*m = -0*a - 4*a + 140, -4*m = -g. Is a composite?
False
Suppose -27*t + 24*t = 195. Let z = t + 61. Is ((34/8)/1)/(z/(-304)) prime?
False
Let l be (-1)/(-4*(-5)/(-43560)). Let u = l - -5683. Is u a composite number?
True
Is (-335)/(-402) + (1637890/12)/5 composite?
False
Suppose -514475 = 940*d - 965*d. Is d composite?
True
Let u(k) = 37*k + 152. Let f be u(37). Let d = f - -1525. Is d a prime number?
False
Let p = -120772 + 1104279. Is p/77 + 1 + (-18)/22 prime?
False
Let f(z) = 4*z**3 - 2*z**2 + 40*z - 119. Is f(11) a prime number?
False
Let f(y) be the second derivative of 29*y**4/6 + y**3/6 - y**2/2 + 4*y. Let x be f(1). Suppose -r - 4*p + x = 0, 4*p - 5 - 7 = 0. Is r composite?
True
Let l = -262 + 157. Is (-10406)/(-10) - 42/l a composite number?
True
Suppose -9*d + 53979513 = 316*d + 74*d. Is d a composite number?
True
Suppose 90*c - 152*c = -87*c + 2108875. Is c prime?
False
Let h(a) = 0*a - 1 + 4 - a + 6*a**2 - 4*a. Let k be h(2). Suppose -12*r - 35 = -k*r. Is r composite?
False
Let c(m) = 6*m**2 + 8*m + 21. Let a = 35 + -153. Let q = 108 + a. Is c(q) a composite number?
False
Let l(t) = 661*t**3 + 12*t**2 - 38*t + 5. Is l(6) prime?
False
Let t(r) = 9*r**3 - 39*r**2 + 190*r + 59. Is t(28) a composite number?
True
Suppose 15*l - 347240 - 2103240 = -l. Is l a composite number?
True
Suppose -10*k = -1354061 - 12321089. Is k a prime number?
False
Suppose -11*c - 15*c - 11954130 = -44129728. Is c prime?
False
Suppose -2*k = -2*p + 3*k + 5892, 2*p + k - 5904 = 0. Let u = 6523 - 4639. Let l = p - u. Is l a composite number?
True
Let x(r) be the first derivative of -r**4/4 - r**2 + 2051*r - 19. Is x(0) a prime number?
False
Let p(y) = 10636*y + 205. Is p(6) composite?
True
Let x(p) be the first derivative of -p**4/2 + p**3/3 - 8*p**2 + 61*p + 163. Is x(-10) composite?
True
Let b = 1170 + -1733. Let l = -817 - b. Is (-12)/(-9) + l/(-3) a composite number?
True
Suppose 32*j - 5028006 + 1912415 - 3463257 = 0. Is j composite?
False
Let a be (3/(-10))/(1/(-10)). Let o(x) = 207*x**3 - 6*x**2 - 9*x + 11. Is o(a) a composite number?
False
Let s be (4/(-24)*2)/(5/(-30)). Suppose -2814 + 92 = -s*w. Is w a prime number?
True
Let g = -192 + 845. Let w = 8 - g. Let f = -316 - w. Is f a composite number?
True
Is (150835566/798)/((-4)/6 + 1) a prime number?
False
Let z = 14394 + -4313. Suppose -6*o + 3247 = z. Let i = -654 - o. Is i prime?
False
Let c be 1 + -2 - -3 - -3. Suppose 2*z = -c*p + 7551, 0*z = 3*z + 6. Is p prime?
True
Suppose 3*n - 5*n + 11 = -3*g, -g - 4*n + 15 = 0. Is (4708/(-16))/(6/8 + g) composite?
True
Suppose 207*o = 204*o + 177570. Suppose -16*n + o = -n. Is n a composite number?
True
Let p be ((-24540)/50)/((-3)/15). Suppose -p = -9*r + 14268. Suppose 7*s - r - 1677 = 0. Is s composite?
True
Let d be 34/51 - ((-12886)/(-6) + 1). Let y = d - -3989. Is y a composite number?
True
Suppose 0 = 5*a + 25, -3*s + 5*s = -5*a - 13. Let v(k) = 33*k**2 - 3*k - 4. Let y be v(s). Is (y + 8)*1/2 a prime number?
True
Let y = 98 + -92. Let h be 1*8 + (-10)/1 + y. Suppose -h*v - 2*r + 636 = 0, v = r + 178 - 13. Is v a composite number?
True
Let n(f) = 37*f**3 + 2*f**2 + 3*f - 3. Let o = -118 + 129. Let a(c) = c**3 - 11*c**2 - 2*c + 24. Let r be a(o). Is n(r) a prime number?
True
Let v(h) be the second derivative of h**5/20 - 5*h**4/3 - h**3/6 + 25*h**2/2 - 17*h. Let i be v(19). Let m = -176 - i. Is m a prime number?
True
Let s(a) = 38921*a + 2926. Is s(23) a composite number?
False
Let m(x) = 9*x**2 + 70*x - 11. Let f be m(-8). Suppose f*c = 25, 3*u + 19*c = 21*c + 10481. Is u composite?
True
Suppose 0 = m + 39*f - 35*f - 46861, -2*f - 281114 = -6*m. Is m prime?
True
Is ((-4796)/872)/((-5)/6614*(-6)/(-30)) a prime number?
False
Let n = -593 + 591. Is n/(-13) - ((-7240266)/143)/18 a prime number?
False
Suppose 4*p - 2019196 = -472360. Is p prime?
False
Suppose 27*h = k + 25*h - 7, 3*h + 18 = 4*k. Suppose -266 = -k*p - f + 1022, 1278 = 3*p + 3*f. Is p prime?
True
Let a(n) = 164*n**2 + 115*n - 32. Is a(17) composite?
True
Let r = 39941 - 24866. Is r/36 + (-3)/(-12) prime?
True
Suppose -52*k - 5856 = -56*k. Suppose 2*c + 692 = q + 195, 3*c - k = -3*q. Is q a prime number?
True
Suppose 1881*u - 351332 = 1877*u. Is u prime?
True
Let o(d) = -d**3 - 9*d**2 + d + 11. Let r be o(-9). Suppose 3*k - 2*k - 22071 = r*v, 0 = -v - k - 11031. Is 1/(-2) + v/(-12) prime?
True
Let j(h) = -6*h - 14. Let o be j(-11). Let z = -39 + o. Let y(u) = -u + 27. Is y(z) a prime number?
False
Let b = -411 - -2540. Is b a prime number?
True
Suppose -2*u - x + 9 = 0, -5*x - 6 = 9. Suppose 14441 = u*v - 1213. Is v a prime number?
True
Let g(r) = -3*r**3 + 16*r - 15*r + 4*r**3 - 7 - 13*r**2 + 2*r**2. Let x be g(11). Suppose 4852 = x*n - 0*n. Is n a composite number?
False
Let b(x) = 127*x - 114. Let a = 268 + -255. Is b(a) a prime number?
False
Suppose 52*t = -38*t + 27454230. Is t prime?
True
Let a(f) = -21604*f + 137. Is a(-48) composite?
False
Let d be ((-210)/(-24))/7*4. Suppose 5581 = 5*s + 4*w, d*w - 6558 = -4*s - 2095. Is s a composite number?
False
Suppose -5*f + 79 + 16 = 0. Suppose f*j + 3157 = 26*j. Is j a prime number?
False
Let c(t) = 9539*t**2 + 4*t - 2. Let f be c(-2). Suppose -6*d = 11710 - f. Is d composite?
True
Let a = -20888 + 42999. Is a a prime number?
True
Let h be (27/(-9) + (1 - -1))*-11. Let q(p) = -28*p - 1. Let j be q(h). Let f = j + 635. Is f a prime number?
False
Let m(x) = 45*x**3 - 3*x**2 + 9*x - 14. Let o = 82 + -77. Is m(o) composite?
False
Suppose 49*h + 1864855 = 29*h + 25*h. Is h a prime number?
True
Let m(o) = 3634*o**3 - 7*o**2 + 8*o + 167. Is m(6) prime?
False
Suppose -4*s + 137388 = 2*r, -r + 88*s - 83*s + 68722 = 0. Is r prime?
False
Let n(r) = -r**3 - 2*r**2 - 9*r - 6735. Let b be n(0). Let k = b + 10670. Is k composite?
True
Let m be (-29)/(-1) + (-6)/(-3). Suppose -3*f = 2*z - m, -2*f - 39 = -6*f - 5*z. Let k(l) = -l**3 + 15*l**2 + l - 8. Is k(f) composite?
False
Let n be (26188/(-6))/((-8)/12). Suppose -5*g = -3*x + 9784 + n, 0 = g + 4. Is x prime?
True
Suppose 11*o - 1394631 = -10*o. Suppose -7*z = -173224 + o. Is z prime?
True
Suppose -20*l - 264606 = 22*l - 48*l. Is l composite?
False
Suppose 5*d = 3*s + 74590, 5*d - 71876 = -4*s + 2749. Is d a prime number?
False
Suppose 3*n - 15 = -0*o - 3*o, 0 = -2*n + 4*o + 10. Is ((-11)/n)/((-5)/6925) a prime number?
False
Suppose -2*x - 4*b - 9564 = -38080, -4*x = 4*b - 57032. Is x a composite number?
True
Let v(m) = 867*m + 70. Let f(s) = 28*s - 21. Let y be f(1). Is v(y) prime?
False
Let r(x) = -x**3 + 178*x**2 - 285*x - 1393. Is r(127) composite?
True
Suppose n = 5 - 6, 2*t + 2*n = 0. Is t/(5 + (-1908)/382) prime?
True
Suppose 0 = 2*c - 3*b - 258, 2*c - 5*b = c + 115. Let a = -861 - c. Let f = 231 - a. Is f a composite number?
True
Suppose -21*c = -28*c + 267449. Suppose -5*j + 95450 = -r, -2*j - 11*r + 6*r = -c. Is j composite?
True
Let i(c) = -2822*c - 100. Let r be i(-28). Suppose -4*m + y = -r, -6*y + y = -m + 19729. Is m a composite number?
True
Suppose -s = -3*i + 11, -2*i = 2*s + 2 - 4. Is ((-7737)/18)/(s/12) a prime number?
True
Let u(a) = -a**2 - 19*a + 42. Let i be u(-18). Let f = 51 - i. Is 4 - (f - -5 - 363) prime?
False
Let o(x) be the first derivative of -17*x**2/2 + 78*x - 116. Is o(-13) prime?
False
Is (235018/42)/(-2 + (-28)/(-12)) a prime number?
True
Let j be 44/(-3) + (-7)/21. Let m be 2*-1*7/((-35)/j). Is (-7)/(105/m) + 18946/10 prime?
False
Suppose -6*j + 3*j - 5673 = -4*q, 0 = -q + 3*j + 1416. 